
Suppose -45*o - 380712 = -103*o. List the prime factors of o.
2, 3, 547
Let p be ((-3)/((-18)/4))/((-6)/189). What are the prime factors of (-14282)/(-14) + ((-30)/p)/(-10)?
2, 3, 5, 17
Suppose 0 = 17*n - 18*n + 9. Let m(t) = -6*t + 57. Let x be m(n). Suppose 2*u + 123 = x*g - u, 4*u = -3*g + 158. List the prime factors of g.
2, 23
Let k(r) = -r**2 + 10*r + 22. Let l be k(-11). Let d = 211 + l. List the prime factors of d.
2
Let h(d) = 113*d - 886. What are the prime factors of h(52)?
2, 5, 499
Suppose 10*r - 177 = 183. What are the prime factors of (1026/r)/((-1)/(-18))?
3, 19
Suppose -3*p = -4*u + 191, 5*p - 38 - 77 = -2*u. Let c = -37 + u. Let o = -5 + c. What are the prime factors of o?
2
Let t = 18302 - 12790. What are the prime factors of t?
2, 13, 53
Suppose 3*g + 12 = 0, 6*p + 4*g = 2*p - 20. Let d = p - -5. Suppose 2*c - 234 - 284 = -5*u, 0 = d*u - c - 404. What are the prime factors of u?
2, 3, 17
Let q(j) = j**2 + 5*j - 6. Suppose -3*r + 5*p = -359, 4*p + 810 - 216 = 5*r. Suppose 9*f = -r + 1. List the prime factors of q(f).
2, 7
Suppose d + 27 - 26 = 0. Let v be (-2 - -6)/(d + -1). Let g(r) = 35*r**2 - 4*r - 1. What are the prime factors of g(v)?
3, 7
Suppose o = -a + 12, 3*o - 5*a = -2*o + 60. Let b(p) = -3*p + 28. Let y be b(o). List the prime factors of 2/(-1)*(-4)/y + 42.
41
Let y = 1147 - -4119. List the prime factors of y.
2, 2633
Suppose 4*w = -11 + 31. Suppose -3*j + w*v + 33 = 0, -v = v. Suppose 0 = j*i - 2269 + 135. List the prime factors of i.
2, 97
Let d = 7593 - 2305. List the prime factors of d.
2, 661
Suppose -o + 2904 = 7*o. Let v = o + 27. Suppose 4*d = -5*u + v, -6*u + 2*d - 232 = -9*u. List the prime factors of u.
2, 37
Let j(t) = t**3 + 17*t**2 + 2*t - 10. What are the prime factors of j(-13)?
2, 5
Let f = -7710 + 2234. Let c be -7 - (-7)/(98/378). What are the prime factors of 4/c + f/(-20)?
2, 137
Let b(q) = -3*q**2 + 13*q + 67. Let u(i) = i**2 - 4*i - 22. Let y(h) = -2*b(h) - 7*u(h). Let m be y(-5). What are the prime factors of (-4)/(-10) - 834/m?
2, 7
Let s = -332 + 559. Let c = 392 + s. List the prime factors of c.
619
List the prime factors of (15 - (12 - -5))*((-640325)/10)/5.
7, 3659
Let y(v) = -6 + 83 + 5*v**2 - 1590*v + 1591*v. List the prime factors of y(-12).
5, 157
Let f(n) = n**3 - 2*n**2 + 2*n - 1. Let i be f(1). Suppose i = 5*s - s - 956. Let l = s + -47. What are the prime factors of l?
2, 3
Let c = -815 - -821. Suppose -34*h + c*h + 7252 = 0. What are the prime factors of h?
7, 37
Let f = -5095 - -12791. What are the prime factors of f?
2, 13, 37
Let n(o) = -3*o**2 - 11*o - 16. Let f be n(-2). List the prime factors of f + (-20)/4 + 793.
2, 17, 23
Let y be (130/14 - 2) + (-42)/147. List the prime factors of (-3)/12 + (15708/16)/y.
2, 5, 7
Let s be ((-16)/36)/(-4) + 17/9. Suppose 2*q + 0*q + 1058 = s*o, 0 = -2*o + 5*q + 1049. List the prime factors of o.
2, 7, 19
Let z = 31549 + 10309. List the prime factors of z.
2, 20929
Let i be ((-24)/54)/((-2)/9). Let y be 60/(-48)*-2*i. Suppose y*d - 167 - 428 = 0. List the prime factors of d.
7, 17
Let k(a) = 2*a**3 - 14*a**2 - a + 11. Let b be k(7). Suppose -b*d = -o - 45, 7*o - 2*o = 5*d - 75. Suppose -4*i + 2828 = d*i. What are the prime factors of i?
2, 101
Suppose 20 = 5*j, -3*j - 48833 - 38425 = -5*c. What are the prime factors of c?
2, 3, 2909
Let p(q) = -73*q + 201. Let a be p(11). What are the prime factors of 4 + 7/((-49)/a)?
2, 3, 5
Suppose 87 = 5*a + 3*d - 563, 0 = 2*a - 2*d - 244. Let j = a - 26. Let v = -29 + j. What are the prime factors of v?
2, 3
Let j(d) = 116*d**2 - 72*d + 538. What are the prime factors of j(9)?
2, 4643
Let v be 32/(-7*2/(-7)). Suppose 4*n - v - 4 = 0, -4*j - n = -1085. What are the prime factors of j?
2, 3, 5
Suppose 75446 = 4*v + u, -97*u = 2*v - 98*u - 37714. List the prime factors of v.
2, 5, 23, 41
Let j be (-2 - (1 - 1)) + -2. What are the prime factors of 3*(j + 5)*(-32)/(-2)?
2, 3
Let w(t) = -t**3 - 4*t**2 + 14*t + 15. Let r be w(-6). List the prime factors of ((-6)/(-1) - r)/(4/84).
3, 7
Suppose -4*o + 51286 = 986. Suppose o = 52*w - 10253. What are the prime factors of w?
439
Suppose -5*o + 3*m = -19, -4*o + m = -7 - 11. Suppose -2*j = o*j - 1540. Let x = j - 144. List the prime factors of x.
2, 19
Let l = -4721 + 13080. What are the prime factors of l?
13, 643
Let d(f) = 6*f**3 + f**2 - 8*f - 3. Suppose -10*v = -9*v - 5. Let i be d(v). Suppose -172 = 8*a - i. List the prime factors of a.
2, 5, 7
Suppose 31*n = 12*n + 26809. Let l = n + -340. What are the prime factors of l?
3, 7, 17
Suppose 0 = 2*u + 5*o - 23610, -4*u + 3*o + 35394 = -u. List the prime factors of u.
2, 5, 59
Let j(o) = 70*o - 1. Let a(n) be the third derivative of -71*n**4/24 + n**3/6 + 12*n**2. Let g(m) = 3*a(m) + 2*j(m). What are the prime factors of g(-1)?
2, 37
Let h(a) = -2*a - 10. Let p be (64/(-96))/(4/42). Let y be h(p). List the prime factors of (-4 - -10)*(-43)/y*-2.
3, 43
Let o(r) = -r**3 - 26*r**2 - 30*r + 80. Let n be o(-23). Let g = n - -1163. What are the prime factors of g?
2, 173
Suppose 144*o - 5872865 = -1666049. List the prime factors of o.
2, 3, 541
What are the prime factors of (-4064848)/(-192) - (-6)/(-72)?
3, 7057
Suppose 5*x - 8*x + 8569 = -r, 0 = -2*x - 2*r + 5718. List the prime factors of x.
2857
Let u be 1244 + (-6)/(-2) - 5. Let s = u + -683. List the prime factors of s.
13, 43
Let a be (-120)/(-66) + -2 + (-138)/(-33). Let s(d) = d + 1. Let h be s(5). Suppose 542 = h*n - a*n + 4*j, 546 = 2*n + 5*j. What are the prime factors of n?
263
Suppose 3*h - 14 = v, -3*h + 4*h + 2*v + 7 = 0. Suppose -h = 3*n - 45. Suppose n = 2*m - 10. List the prime factors of m.
2, 3
Suppose 0 = 85*u + 26*u - 18870. Suppose 0 = -0*o + 4*o + 408. Let q = o + u. What are the prime factors of q?
2, 17
Let g(l) = -2*l**3 + 99*l**2 - 48*l + 125. List the prime factors of g(43).
2, 3, 29, 127
Let x be (-115)/35 + 3 - (-12)/(-7). List the prime factors of (-15918)/(-105) - x/5.
2, 19
Let x = -41 - -44. Suppose -x*v = -v - k - 12, -3*v + 28 = -4*k. Suppose 5*q = 5*i - v*i + 47, -4*i - 18 = -3*q. What are the prime factors of q?
2, 5
Let k(d) = -94*d + 5. Let l = 91 + -93. What are the prime factors of k(l)?
193
Let c(z) = -4*z**3 - 3*z**2 + 4*z - 7. Let v(q) = q**2 + 5*q + 3. Let h be v(-5). Let i be c(h). What are the prime factors of (-12)/(-4)*i/(-6)?
5, 13
Suppose 2094 = 5*p + 474. Suppose -184 = -9*w + 6*w - 4*l, -2*l - p = -5*w. List the prime factors of w.
2
Let d(y) = -148*y + 3. Suppose 7*g + 92 = 64. What are the prime factors of d(g)?
5, 7, 17
Suppose 12*t - 43*t - 22*t = -36199. What are the prime factors of t?
683
Let t(u) be the third derivative of 13*u**4/12 + 19*u**3/6 - 2*u**2 + 20. What are the prime factors of t(13)?
3, 7, 17
Let n(q) = -4310*q + 193. What are the prime factors of n(-2)?
7, 1259
Let f = 26097 - -23382. List the prime factors of f.
3, 16493
What are the prime factors of ((-211)/(-4))/(52/(-4) - 2967/(-228))?
19, 211
Let t = 306 + -301. Suppose -7*p + 2*p + 1395 = -3*i, t*i - 1355 = -5*p. List the prime factors of p.
2, 3, 23
List the prime factors of (38679*(-6)/45)/((-28)/70).
12893
Let c = 41 - 36. Let o(k) = -2 + 7*k - 7 - 4 - c. What are the prime factors of o(8)?
2, 19
Let m = -9126 - -19730. What are the prime factors of m?
2, 11, 241
Let z(s) = -320*s - 1971. List the prime factors of z(-15).
3, 23, 41
Suppose 13268 = 50*q - 46*q - 5*v, -5*q = -v - 16564. What are the prime factors of q?
2, 3, 23
Suppose -894 - 6602 = -4*d + 4*a, 3*a - 3743 = -2*d. What are the prime factors of d?
1873
Let p be 151/2*(-38)/(-19). Let y be ((-6)/(-10))/(39/585). Suppose y = n - p. What are the prime factors of n?
2, 5
Let r be 473 - -84 - (-1 + 1). Suppose -11*l = -12*l + r. What are the prime factors of l?
557
Suppose 27*o + 3*t + 271032 = 30*o, -90347 = -o - 2*t. Suppose 0 = 60*k - 3*k - o. List the prime factors of k.
5, 317
Suppose 0 = -185*s + 3604805 - 375260. What are the prime factors of s?
3, 11, 23
Let z(p) = 2141*p**2 + 503*p + 1487. List the prime factors of z(-3).
19, 1013
Let c = 114 + -109. Suppose c*u + 2*k = 2, -2 = -u - k - 4. Suppose 3*r + 952 = 8*r + u*j, -5*r = 5*j - 940. List the prime factors of r.
2, 3
Let k be 0 - (3 + -2 + -1). Suppose 4*o + 2 = -b, 0*b - 5*o - 40 = -5*b. Suppose 3*g - 